 of o?
4
Let j = 1 + 23. Suppose -w + 9*w - j = 0. What is the units digit of w?
3
Suppose 0 = 2*t + 2063 - 10775. What is the units digit of t?
6
Suppose -4*n = -4*t - 36, -3*n - 3*t = 2*t - 35. Suppose 6*x - n = x. Suppose 2*d + 5*b = -23, 4*b + 9 = -d + x*b. What is the units digit of d?
1
Suppose 0 = 5*g - 10, 12 = 4*h - g + 3*g. Suppose 2*x - 4*v - 110 = 0, -x - 4*v = -h*x + 55. What is the tens digit of x?
5
Suppose -2*i = -2*g + 14, 0 = -g + 3*g - 3*i - 18. Suppose -g*d = -4*l + l - 186, -2*l = 3*d - 181. What is the units digit of d?
1
Let p(o) = -o**2 + 2*o - 3. Suppose -10 + 4 = -3*c. Let j be p(c). What is the units digit of j/(3/(-2)) + 39?
1
Let t(l) = 49*l**2 - 82 + 82. What is the units digit of t(-1)?
9
Suppose 2*z = 7 + 9. Suppose 2*d - 2*j - z = -3*j, 0 = 5*d + 3*j - 20. Suppose a - 131 = -2*a + d*w, -3*a - w + 136 = 0. What is the units digit of a?
5
Suppose -4953 = 27*m - 15402. What is the tens digit of m?
8
Let v be 0 + (-6)/10 - 87/(-145). Suppose v = -3*p - 4*h + 126, -p - 4*h = -h - 42. What is the units digit of p?
2
Suppose 0 = 32*g - 47*g + 3555. What is the tens digit of g?
3
Suppose -6*p = -2*p - 16. Suppose -s = -3*z + 4*z + 20, p*s = 4*z + 40. Let q = 25 + z. What is the units digit of q?
0
Suppose 4*v = -12, 67*v + 5655 = 5*m + 62*v. What is the thousands digit of m?
1
Suppose -11802 = -3*p + 3*k, 0 = 3*p - 2*k + 6*k - 11837. What is the tens digit of p?
3
Let h = 3 - 5. Let i = h + -4. Let w = i - -24. What is the tens digit of w?
1
Let m(b) = -2*b**3 - 2*b**2 + 1. Let z(c) = c**2 - c. Let j(n) = -n**3 + n**2 + 4*n - 3. Let v(r) = j(r) + z(r). Let t be v(3). What is the units digit of m(t)?
7
Suppose -4*w = -25 + 5. Suppose 2*j - w*j = -273. What is the tens digit of j?
9
Suppose 4*a = 4*r + 28, -4*a - 4*r + 5 - 1 = 0. Suppose 10 = -q - 3*i, 4*i - a = q - 29. Let o = q + 27. What is the units digit of o?
2
Suppose 138 = -0*n - 2*n. Let s = -40 - n. Suppose s + 40 = 3*a. What is the units digit of a?
3
Let g(l) = 4*l**2 + 2*l**2 - 7*l**2 - 4*l. Let p be g(-3). Suppose 2*d = p*h - 0*d - 90, -2*h + 67 = d. What is the tens digit of h?
3
Let s(q) = q**2 - 4*q - 2. Let h be 3 + -3 + (-9 - -2). Let d = -13 - h. What is the tens digit of s(d)?
5
Let v = 950 + 317. What is the tens digit of v?
6
Let h(r) = -7*r - 25. Let l be h(-11). Suppose l + 265 = 2*n - 3*f, -3*f = 2*n - 311. What is the units digit of n?
7
Let m = 1520 + -952. What is the units digit of m?
8
Let v(r) = -r**3 + 9*r**2 + 18*r + 20. What is the hundreds digit of v(8)?
2
Suppose -3*w + 2*o = -6353, -4*w - 4*o - 4246 = -6*w. What is the hundreds digit of w?
1
Let w = 19 - -5. Let z be (w/(-9))/2*-246. What is the units digit of z/18 + (-4)/18?
8
Suppose -j - 263 = -r + j, 2*j + 773 = 3*r. What is the units digit of r?
5
Let v = 99 - -6. What is the hundreds digit of v?
1
Let l be 2/5 - (-3)/5. Let q = l + -39. Let z = -16 - q. What is the tens digit of z?
2
What is the tens digit of 252/(-2)*(-16)/6?
3
Let w = 36 + -36. Suppose -5*a + 276 = -u, w*u = -4*a + u + 221. What is the units digit of a?
5
Suppose -23 = 2*t - 3*d, -2*t - 47 + 4 = d. Let g = t - -18. What is the units digit of 1 + (5 - 4) - g?
3
Let l(q) = -q**2 - 6*q + 8. Let d be l(-6). Let g be ((-72)/6)/((-27)/18). Let n = g + d. What is the tens digit of n?
1
Let j be -2 - ((-5)/15 - (-14)/6). What is the units digit of 117/26 - (-10)/j?
2
Suppose 0 = g - 477 - 214. What is the units digit of g?
1
Suppose 41*t - 71514 = -17*t. What is the thousands digit of t?
1
What is the hundreds digit of (0 + 8166)*14/(-3 - -31)?
0
Suppose -2*f - 3*f = 0. Suppose f = -5*g + 5*u - 3596 + 461, u = -g - 621. What is the units digit of (-1)/(-5) + g/(-30)?
1
Let h = 8 - 11. Let n(d) = -d - 2. Let f be n(h). Suppose -1 - f = -2*v. What is the units digit of v?
1
What is the units digit of ((-6612)/(-8) - -15) + 5/(-2)?
9
Suppose 26*l - 32*l + 2364 = 0. What is the hundreds digit of l?
3
Let y(j) = j**3 + 7*j**2 - 7*j + 10. Let z be y(-8). Suppose -5 = z*n + 5*c + 14, 0 = -4*n + 3*c + 1. What is the tens digit of ((-282)/30)/(n/10)?
4
Suppose -m = -4*u + 104, 2*m - 116 = -4*u - 336. Let l = -38 - m. What is the units digit of l?
0
Let o(p) = -249*p - 20. What is the tens digit of o(-4)?
7
Suppose -3*v + 9413 = 4*w, 3*v + 1342 - 10737 = 5*w. What is the hundreds digit of v?
1
Let k(w) = -w**2 + 7*w + 12. Let z be k(7). Suppose c = 7*c - z. Suppose -3*x + 53 = -2*o + 3*o, 2*x = c*o + 38. What is the tens digit of x?
1
Let z = -31 - -52. What is the tens digit of z/35 + (-182)/(-5)?
3
Suppose 5*o = 4*i - 1538, -15*i + 1914 = -10*i - 2*o. What is the hundreds digit of i?
3
Suppose -14*t = -10*t + w - 9680, -4*t + 9696 = 5*w. What is the tens digit of t?
1
Suppose 2*c - 4*f + 91 = 7159, -f + 17659 = 5*c. What is the tens digit of c?
3
Suppose 17*c + 9090 - 29354 = 0. What is the units digit of c?
2
Suppose 5*y = f - 1065, 6*f - 8*f + 2158 = -3*y. What is the tens digit of f?
8
Let o be ((-18)/(-6))/(2/4). Let i be 8/o*300/10. Suppose -5*r + i + 15 = 0. What is the units digit of r?
1
Let i(o) = o**2 + 3*o - 1. Let t be i(2). Let l = 9 - t. What is the tens digit of 16 + (1 - l) + -1?
1
Let l = -31 - -259. What is the units digit of l?
8
Suppose -p = 4*n - 9*n - 493, -p = 5*n - 543. What is the units digit of p?
8
Suppose 4*v - v + 56 = 2*l, -16 = v - 2*l. Suppose -5*d = 4*k + 61, -3*d - 52 = d + 4*k. Let i = d - v. What is the units digit of i?
1
Suppose 2*z + 5*b = -2*z, 0 = 5*z - 5*b. Let w be (-2)/4*1*z. Let f(l) = l**2 + l + 28. What is the tens digit of f(w)?
2
Suppose -9*h = -597 - 13803. What is the units digit of h?
0
Let b(c) = 32*c**2 - 4*c - 4. Let i be b(-2). Suppose -k = -2*g - 2*k + i, -4*g = 4*k - 268. What is the units digit of g?
5
Suppose -a + 2*h = 4*h, -5*a + 18 = h. Suppose -6 + 10 = a*n. Suppose -2*t - 60 = -3*o, o - 13 = -2*t - n. What is the units digit of o?
8
Suppose 2*z = -2*p + 97 + 903, -2488 = -5*p + z. What is the tens digit of p?
9
Let r(x) = -x**3 - 3*x**2 - 5*x - 6. Let g(t) = -4*t + 65. Let w(k) = k - 16. Let b(f) = 2*g(f) + 9*w(f). Let l be b(10). What is the units digit of r(l)?
0
Suppose -x - 18 = -0*l - 5*l, 5*l + 94 = -3*x. Let b = x + 39. What is the tens digit of b?
1
Suppose 23*k - 17*k - 4650 = 0. What is the tens digit of k?
7
Suppose 362299 = -4*j - 5*k, j + 2*k = -35954 - 54620. What is the hundreds digit of j/(-504) + (-2)/21*-3?
1
What is the tens digit of 2967/30 - (-11)/110?
9
Let n = 1330 - 534. What is the hundreds digit of n?
7
Suppose -r - 5*d + 263 = 0, -3*d = 5*r - 9*r + 1121. What is the units digit of r?
8
Suppose 228*o + 31889 = 241*o. What is the hundreds digit of o?
4
Suppose 0*y + 5832 = 5*y + 2*i, -4 = i. What is the thousands digit of y?
1
Suppose 65 = -3*t - 4. Let d = 65 - 87. Let p = d - t. What is the units digit of p?
1
Suppose 4*s + 6*x - x = -11, 4*s = -2*x - 2. Let o(i) = -i**3 - 6*i**2 + 17*i + 10. Let y be o(-8). Suppose -d + y = s. What is the units digit of d?
1
Let a = -109 - 66. Let q = -114 - a. What is the units digit of q?
1
Suppose 0 = -15*v + 10*v + 25. Let x be -4 + v/(-20)*-4. Let i(w) = -16*w + 8. What is the units digit of i(x)?
6
Suppose -516 = -25*f + 19*f. Let p = 296 - f. What is the tens digit of p?
1
Let m(i) = -58*i**3 - 4*i**2 - 11*i - 8. What is the units digit of m(-2)?
2
Let m(k) be the third derivative of -k**5/60 - 11*k**4/24 - k**3 - k**2. Suppose 4*u = -5*q - 37, 0 = -u + 4*q - 9 + 5. What is the tens digit of m(u)?
1
Let n(l) = l**3 + 9*l**2 + 4*l + 6. Suppose 2*r - 7 = 3*r. What is the tens digit of n(r)?
7
Let i(j) = -j**2 - 7*j + 10. Let g be i(-8). Suppose 5*h - 50 = -4*w, -g = -3*w + 13. Suppose h = 3*f - 9. What is the units digit of f?
5
What is the tens digit of 8/5*(480 + 25)?
0
Suppose 4*o - 3*q - 2019 = 0, -5*o + 3*q + 0*q + 2523 = 0. Suppose 3*h - o = -h. What is the units digit of h?
6
Suppose -5*a = r + 7, a + 38 = -3*r + 3*a. Let w(x) be the second derivative of x**5/20 + x**4 - 2*x**3/3 - 4*x**2 + 5*x. What is the tens digit of w(r)?
4
Suppose -4*l = 2*w - 2966, w + 2*w + 3*l = 4446. What is the hundreds digit of w?
4
Let m = 330 - -151. What is the units digit of m?
1
Let q(x) = -x**3 + 10*x**2 - 9*x - 10. What is the hundreds digit of q(-8)?
2
Suppose 3*s = -m - 70, -2*m + 183 = -5*s + 59